-- https://www.phpmyadmin.net/
--

START TRANSACTION;



-- --------------------------------------------------------

--
-- Table structure for table `ospos_attribute_definitions`
--

CREATE TABLE `ospos_attribute_definitions` (
  `definition_id` int(10) NOT NULL,
  `definition_name` varchar(255) NOT NULL,
  `definition_type` varchar(45) NOT NULL,
  `definition_unit` varchar(16) DEFAULT NULL,
  `definition_flags` tinyint(1) NOT NULL,
  `definition_fk` int(10) DEFAULT NULL,
  `deleted` tinyint(1) NOT NULL DEFAULT 0
) ENGINE=InnoDB DEFAULT CHARSET=utf8;

-- --------------------------------------------------------

--
-- Table structure for table `ospos_attribute_links`
--

CREATE TABLE `ospos_attribute_links` (
  `attribute_id` int(11) DEFAULT NULL,
  `definition_id` int(11) NOT NULL,
  `item_id` int(11) DEFAULT NULL,
  `sale_id` int(11) DEFAULT NULL,
  `receiving_id` int(11) DEFAULT NULL
) ENGINE=InnoDB DEFAULT CHARSET=utf8;

-- --------------------------------------------------------

--
-- Table structure for table `ospos_attribute_values`
--

CREATE TABLE `ospos_attribute_values` (
  `attribute_id` int(11) NOT NULL,
  `attribute_value` varchar(255) DEFAULT NULL,
  `attribute_date` date DEFAULT NULL,
  `attribute_decimal` decimal(7,3) DEFAULT NULL
) ENGINE=InnoDB DEFAULT CHARSET=utf8;

-- --------------------------------------------------------

--
-- Table structure for table `ospos_cash_up`
--

CREATE TABLE `ospos_cash_up` (
  `cashup_id` int(10) NOT NULL,
  `open_date` timestamp NULL DEFAULT current_timestamp(),
  `close_date` timestamp NULL DEFAULT NULL,
  `open_amount_cash` decimal(15,2) NOT NULL,
  `transfer_amount_cash` decimal(15,2) NOT NULL,
  `note` int(1) NOT NULL,
  `closed_amount_cash` decimal(15,2) NOT NULL,
  `closed_amount_card` decimal(15,2) NOT NULL,
  `closed_amount_check` decimal(15,2) NOT NULL,
  `closed_amount_total` decimal(15,2) NOT NULL,
  `description` varchar(255) NOT NULL,
  `open_employee_id` int(10) NOT NULL,
  `close_employee_id` int(10) NOT NULL,
  `deleted` tinyint(1) NOT NULL DEFAULT 0,
  `closed_amount_due` decimal(15,2) NOT NULL
) ENGINE=InnoDB DEFAULT CHARSET=utf8;

-- --------------------------------------------------------

--
-- Table structure for table `ospos_customers`
--

CREATE TABLE `ospos_customers` (
  `person_id` int(10) NOT NULL,
  `company_name` varchar(255) DEFAULT NULL,
  `account_number` varchar(255) DEFAULT NULL,
  `taxable` tinyint(1) NOT NULL DEFAULT 1,
  `tax_id` varchar(32) NOT NULL DEFAULT '',
  `sales_tax_code_id` int(11) DEFAULT NULL,
  `discount` decimal(15,2) NOT NULL DEFAULT 0.00,
  `discount_type` tinyint(1) NOT NULL DEFAULT 0,
  `package_id` int(11) DEFAULT NULL,
  `points` int(11) DEFAULT NULL,
  `deleted` tinyint(1) NOT NULL DEFAULT 0,
  `date` timestamp NOT NULL DEFAULT current_timestamp(),
  `employee_id` int(10) NOT NULL,
  `consent` int(1) NOT NULL DEFAULT 0
) ENGINE=InnoDB DEFAULT CHARSET=utf8;

--
-- Dumping data for table `ospos_customers`
--

INSERT INTO `ospos_customers` (`person_id`, `company_name`, `account_number`, `taxable`, `tax_id`, `sales_tax_code_id`, `discount`, `discount_type`, `package_id`, `points`, `deleted`, `date`, `employee_id`, `consent`) VALUES
(2, NULL, NULL, 1, '', NULL, '0.00', 0, NULL, NULL, 0, '2023-07-20 04:09:49', 1, 1);

-- --------------------------------------------------------

--
-- Table structure for table `ospos_customers_packages`
--

CREATE TABLE `ospos_customers_packages` (
  `package_id` int(11) NOT NULL,
  `package_name` varchar(255) DEFAULT NULL,
  `points_percent` float NOT NULL DEFAULT 0,
  `deleted` tinyint(1) NOT NULL DEFAULT 0
) ENGINE=InnoDB DEFAULT CHARSET=utf8;

--
-- Dumping data for table `ospos_customers_packages`
--

INSERT INTO `ospos_customers_packages` (`package_id`, `package_name`, `points_percent`, `deleted`) VALUES
(1, 'Default', 0, 0),
(2, 'Bronze', 10, 0),
(3, 'Silver', 20, 0),
(4, 'Gold', 30, 0),
(5, 'Premium', 50, 0);

-- --------------------------------------------------------

--
-- Table structure for table `ospos_customers_points`
--

CREATE TABLE `ospos_customers_points` (
  `id` int(11) NOT NULL,
  `person_id` int(11) NOT NULL,
  `package_id` int(11) NOT NULL,
  `sale_id` int(11) NOT NULL,
  `points_earned` int(11) NOT NULL
) ENGINE=InnoDB DEFAULT CHARSET=utf8;

-- --------------------------------------------------------

--
-- Table structure for table `ospos_dinner_tables`
--

CREATE TABLE `ospos_dinner_tables` (
  `dinner_table_id` int(11) NOT NULL,
  `name` varchar(30) NOT NULL,
  `status` tinyint(1) NOT NULL DEFAULT 0,
  `deleted` tinyint(1) NOT NULL DEFAULT 0
) ENGINE=InnoDB DEFAULT CHARSET=utf8;

--
-- Dumping data for table `ospos_dinner_tables`
--

INSERT INTO `ospos_dinner_tables` (`dinner_table_id`, `name`, `status`, `deleted`) VALUES
(1, 'Delivery', 0, 0),
(2, 'Take Away', 0, 0);

-- --------------------------------------------------------

--
-- Table structure for table `ospos_expenses`
--

CREATE TABLE `ospos_expenses` (
  `expense_id` int(10) NOT NULL,
  `date` timestamp NULL DEFAULT current_timestamp(),
  `amount` decimal(15,2) NOT NULL,
  `payment_type` varchar(40) NOT NULL,
  `expense_category_id` int(11) NOT NULL,
  `description` varchar(255) NOT NULL,
  `employee_id` int(10) NOT NULL,
  `deleted` tinyint(1) NOT NULL DEFAULT 0,
  `supplier_tax_code` varchar(255) DEFAULT NULL,
  `tax_amount` decimal(15,2) DEFAULT NULL,
  `supplier_id` int(10) DEFAULT NULL
) ENGINE=InnoDB DEFAULT CHARSET=utf8;

-- --------------------------------------------------------

--
-- Table structure for table `ospos_expense_categories`
--

CREATE TABLE `ospos_expense_categories` (
  `expense_category_id` int(10) NOT NULL,
  `category_name` varchar(255) DEFAULT NULL,
  `category_description` varchar(255) NOT NULL,
  `deleted` tinyint(1) NOT NULL DEFAULT 0
) ENGINE=InnoDB DEFAULT CHARSET=utf8;

-- --------------------------------------------------------

--
-- Table structure for table `ospos_giftcards`
--

CREATE TABLE `ospos_giftcards` (
  `record_time` timestamp NOT NULL DEFAULT current_timestamp(),
  `giftcard_id` int(11) NOT NULL,
  `giftcard_number` varchar(255) DEFAULT NULL,
  `value` decimal(15,2) NOT NULL,
  `deleted` tinyint(1) NOT NULL DEFAULT 0,
  `person_id` int(10) DEFAULT NULL
) ENGINE=InnoDB DEFAULT CHARSET=utf8;

-- --------------------------------------------------------

--
-- Table structure for table `ospos_grants`
--

CREATE TABLE `ospos_grants` (
  `permission_id` varchar(255) NOT NULL,
  `person_id` int(10) NOT NULL,
  `menu_group` varchar(32) DEFAULT 'home'
) ENGINE=InnoDB DEFAULT CHARSET=utf8;

--
-- Dumping data for table `ospos_grants`
--

INSERT INTO `ospos_grants` (`permission_id`, `person_id`, `menu_group`) VALUES
('attributes', 1, 'office'),
('cashups', 1, 'home'),
('config', 1, 'office'),
('customers', 1, 'home'),
('employees', 1, 'office'),
('expenses', 1, 'home'),
('expenses_categories', 1, 'office'),
('giftcards', 1, 'home'),
('home', 1, 'office'),
('items', 1, 'home'),
('items_stock', 1, 'home'),
('item_kits', 1, 'home'),
('messages', 1, 'home'),
('office', 1, 'home'),
('receivings', 1, 'home'),
('receivings_stock', 1, 'home'),
('reports', 1, 'home'),
('reports_categories', 1, 'home'),
('reports_customers', 1, 'home'),
('reports_discounts', 1, 'home'),
('reports_employees', 1, 'home'),
('reports_expenses_categories', 1, 'home'),
('reports_inventory', 1, 'home'),
('reports_items', 1, 'home'),
('reports_payments', 1, 'home'),
('reports_receivings', 1, 'home'),
('reports_sales', 1, 'home'),
('reports_sales_taxes', 1, 'home'),
('reports_suppliers', 1, 'home'),
('reports_taxes', 1, 'home'),
('sales', 1, 'home'),
('sales_change_price', 1, '--'),
('sales_delete', 1, '--'),
('sales_stock', 1, 'home'),
('suppliers', 1, 'home'),
('taxes', 1, 'office');

-- --------------------------------------------------------

--
-- Table structure for table `ospos_inventory`
--

CREATE TABLE `ospos_inventory` (
  `trans_id` int(11) NOT NULL,
  `trans_items` int(11) NOT NULL DEFAULT 0,
  `trans_user` int(11) NOT NULL DEFAULT 0,
  `trans_date` timestamp NOT NULL DEFAULT current_timestamp(),
  `trans_comment` text NOT NULL,
  `trans_location` int(11) NOT NULL,
  `trans_inventory` decimal(15,3) NOT NULL DEFAULT 0.000
) ENGINE=InnoDB DEFAULT CHARSET=utf8;

--
-- Dumping data for table `ospos_inventory`
--

INSERT INTO `ospos_inventory` (`trans_id`, `trans_items`, `trans_user`, `trans_date`, `trans_comment`, `trans_location`, `trans_inventory`) VALUES
(1, 1, 1, '2023-07-20 04:08:50', 'Manual Edit of Quantity', 1, '200.000'),
(2, 1, 1, '2023-07-20 04:12:08', 'RECV 1', 1, '10.000'),
(3, 1, 1, '2023-07-20 04:18:14', 'POS 1', 1, '-20.000'),
(4, 1, 1, '2023-07-20 04:19:59', 'RECV 3', 1, '20.000'),
(5, 1, 1, '2023-07-20 04:24:47', 'RECV 5', 1, '50.000'),
(6, 1, 1, '2023-07-21 01:04:51', 'RECV 7', 1, '20.000'),
(7, 1, 1, '2023-07-21 01:11:55', '', 1, '20.000'),
(8, 1, 1, '2023-07-21 01:13:46', 'RECV 10', 1, '50.000'),
(9, 1, 1, '2023-07-21 01:16:24', 'POS 2', 1, '-10.000'),
(10, 1, 1, '2023-07-21 01:17:18', 'POS 3', 1, '-5.000'),
(11, 1, 1, '2023-07-21 01:32:38', 'POS 4', 1, '-1.000'),
(12, 1, 1, '2023-07-21 01:34:08', 'POS 5', 1, '-8.000'),
(13, 1, 1, '2023-07-21 01:34:59', 'POS 6', 1, '-9.000'),
(14, 1, 1, '2023-07-21 01:37:29', 'POS 7', 1, '-8.000'),
(15, 1, 1, '2023-07-24 02:40:06', 'POS 8', 1, '-10.000'),
(16, 1, 1, '2023-07-27 10:00:24', 'POS 9', 1, '-20.000'),
(17, 1, 1, '2023-10-01 03:30:07', 'POS 10', 1, '-5.000');

-- --------------------------------------------------------

--
-- Table structure for table `ospos_items`
--

CREATE TABLE `ospos_items` (
  `name` varchar(255) NOT NULL,
  `category` varchar(255) NOT NULL,
  `supplier_id` int(11) DEFAULT NULL,
  `item_number` varchar(255) DEFAULT NULL,
  `description` varchar(255) NOT NULL,
  `cost_price` decimal(15,2) NOT NULL,
  `unit_price` decimal(15,2) NOT NULL,
  `reorder_level` decimal(15,3) NOT NULL DEFAULT 0.000,
  `receiving_quantity` decimal(15,3) NOT NULL DEFAULT 1.000,
  `item_id` int(10) NOT NULL,
  `pic_filename` varchar(255) DEFAULT NULL,
  `allow_alt_description` tinyint(1) NOT NULL,
  `is_serialized` tinyint(1) NOT NULL,
  `stock_type` tinyint(1) NOT NULL DEFAULT 0,
  `item_type` tinyint(1) NOT NULL DEFAULT 0,
  `deleted` tinyint(1) NOT NULL DEFAULT 0,
  `tax_category_id` int(10) DEFAULT NULL,
  `qty_per_pack` decimal(15,3) NOT NULL DEFAULT 1.000,
  `pack_name` varchar(8) DEFAULT 'Each',
  `low_sell_item_id` int(10) DEFAULT 0,
  `hsn_code` varchar(32) NOT NULL DEFAULT ''
) ENGINE=InnoDB DEFAULT CHARSET=utf8;

--
-- Dumping data for table `ospos_items`
--

INSERT INTO `ospos_items` (`name`, `category`, `supplier_id`, `item_number`, `description`, `cost_price`, `unit_price`, `reorder_level`, `receiving_quantity`, `item_id`, `pic_filename`, `allow_alt_description`, `is_serialized`, `stock_type`, `item_type`, `deleted`, `tax_category_id`, `qty_per_pack`, `pack_name`, `low_sell_item_id`, `hsn_code`) VALUES
('seeds', 'seed', NULL, NULL, '', '500.00', '800.00', '1.000', '1.000', 1, NULL, 0, 0, 0, 0, 0, 0, '1.000', 'Each', 1, '');

-- --------------------------------------------------------

--
-- Table structure for table `ospos_items_taxes`
--

CREATE TABLE `ospos_items_taxes` (
  `item_id` int(10) NOT NULL,
  `name` varchar(255) NOT NULL,
  `percent` decimal(15,3) NOT NULL
) ENGINE=InnoDB DEFAULT CHARSET=utf8;

-- --------------------------------------------------------

--
-- Table structure for table `ospos_item_kits`
--

CREATE TABLE `ospos_item_kits` (
  `item_kit_id` int(11) NOT NULL,
  `item_kit_number` varchar(255) DEFAULT NULL,
  `name` varchar(255) NOT NULL,
  `item_id` int(10) NOT NULL DEFAULT 0,
  `kit_discount` decimal(15,2) NOT NULL DEFAULT 0.00,
  `kit_discount_type` tinyint(1) NOT NULL DEFAULT 0,
  `price_option` tinyint(1) NOT NULL DEFAULT 0,
  `print_option` tinyint(1) NOT NULL DEFAULT 0,
  `description` varchar(255) NOT NULL
) ENGINE=InnoDB DEFAULT CHARSET=utf8;

-- --------------------------------------------------------

--
-- Table structure for table `ospos_item_kit_items`
--

CREATE TABLE `ospos_item_kit_items` (
  `item_kit_id` int(11) NOT NULL,
  `item_id` int(11) NOT NULL,
  `quantity` decimal(15,3) NOT NULL,
  `kit_sequence` int(3) NOT NULL DEFAULT 0
) ENGINE=InnoDB DEFAULT CHARSET=utf8;

-- --------------------------------------------------------

--
-- Table structure for table `ospos_item_quantities`
--

CREATE TABLE `ospos_item_quantities` (
  `item_id` int(11) NOT NULL,
  `location_id` int(11) NOT NULL,
  `quantity` decimal(15,3) NOT NULL DEFAULT 0.000
) ENGINE=InnoDB DEFAULT CHARSET=utf8;

--
-- Dumping data for table `ospos_item_quantities`
--

INSERT INTO `ospos_item_quantities` (`item_id`, `location_id`, `quantity`) VALUES
(1, 1, '274.000');

-- --------------------------------------------------------

--
-- Table structure for table `ospos_migrations`
--

CREATE TABLE `ospos_migrations` (
  `version` bigint(20) NOT NULL
) ENGINE=InnoDB DEFAULT CHARSET=utf8;

--
-- Dumping data for table `ospos_migrations`
--

INSERT INTO `ospos_migrations` (`version`) VALUES
(20210714140000);

-- --------------------------------------------------------

--
-- Table structure for table `ospos_modules`
--

CREATE TABLE `ospos_modules` (
  `name_lang_key` varchar(255) NOT NULL,
  `desc_lang_key` varchar(255) NOT NULL,
  `sort` int(10) NOT NULL,
  `module_id` varchar(255) NOT NULL
) ENGINE=InnoDB DEFAULT CHARSET=utf8;

--
-- Dumping data for table `ospos_modules`
--

INSERT INTO `ospos_modules` (`name_lang_key`, `desc_lang_key`, `sort`, `module_id`) VALUES
('module_attributes', 'module_attributes_desc', 107, 'attributes'),
('module_cashups', 'module_cashups_desc', 110, 'cashups'),
('module_config', 'module_config_desc', 900, 'config'),
('module_customers', 'module_customers_desc', 10, 'customers'),
('module_employees', 'module_employees_desc', 80, 'employees'),
('module_expenses', 'module_expenses_desc', 108, 'expenses'),
('module_expenses_categories', 'module_expenses_categories_desc', 109, 'expenses_categories'),
('module_giftcards', 'module_giftcards_desc', 90, 'giftcards'),
('module_home', 'module_home_desc', 1, 'home'),
('module_items', 'module_items_desc', 20, 'items'),
('module_item_kits', 'module_item_kits_desc', 30, 'item_kits'),
('module_messages', 'module_messages_desc', 98, 'messages'),
('module_office', 'module_office_desc', 999, 'office'),
('module_receivings', 'module_receivings_desc', 60, 'receivings'),
('module_reports', 'module_reports_desc', 50, 'reports'),
('module_sales', 'module_sales_desc', 70, 'sales'),
('module_suppliers', 'module_suppliers_desc', 40, 'suppliers'),
('module_taxes', 'module_taxes_desc', 105, 'taxes');

-- --------------------------------------------------------

--
-- Table structure for table `ospos_people`
--

CREATE TABLE `ospos_people` (
  `first_name` varchar(255) NOT NULL,
  `last_name` varchar(255) NOT NULL,
  `gender` int(1) DEFAULT NULL,
  `phone_number` varchar(255) NOT NULL,
  `email` varchar(255) NOT NULL,
  `address_1` varchar(255) NOT NULL,
  `address_2` varchar(255) NOT NULL,
  `city` varchar(255) NOT NULL,
  `state` varchar(255) NOT NULL,
  `zip` varchar(255) NOT NULL,
  `country` varchar(255) NOT NULL,
  `comments` text NOT NULL,
  `person_id` int(10) NOT NULL
) ENGINE=InnoDB DEFAULT CHARSET=utf8;

--
-- Dumping data for table `ospos_people`
--

INSERT INTO `ospos_people` (`first_name`, `last_name`, `gender`, `phone_number`, `email`, `address_1`, `address_2`, `city`, `state`, `zip`, `country`, `comments`, `person_id`) VALUES
('John', 'Doe', NULL, '555-555-5555', 'changeme@example.com', 'Address 1', '', '', '', '', '', '', 1),
('Khawaja', 'Shams', 1, '03029307808', 'khawaja9387kh@gmail.com', 'house no 98/A old civil line, shamshare road sargodha', '', 'Sargodha', 'Punjab', '40100', 'Pakistan', '', 2),
('Khawaja', 'Shams', 1, '03029307808', 'khawaja9387kh@gmail.com', 'house no 98/A old civil line, shamshare road sargodha', 'house no 98/A old civil line, shamshare road sargodha', 'Sargodha', 'Punjab', '40100', 'Pakistan', '', 3);

-- --------------------------------------------------------

--
-- Table structure for table `ospos_permissions`
--

CREATE TABLE `ospos_permissions` (
  `permission_id` varchar(255) NOT NULL,
  `module_id` varchar(255) NOT NULL,
  `location_id` int(10) DEFAULT NULL
) ENGINE=InnoDB DEFAULT CHARSET=utf8;

--
-- Dumping data for table `ospos_permissions`
--

INSERT INTO `ospos_permissions` (`permission_id`, `module_id`, `location_id`) VALUES
('attributes', 'attributes', NULL),
('cashups', 'cashups', NULL),
('config', 'config', NULL),
('customers', 'customers', NULL),
('employees', 'employees', NULL),
('expenses', 'expenses', NULL),
('expenses_categories', 'expenses_categories', NULL),
('giftcards', 'giftcards', NULL),
('home', 'home', NULL),
('items', 'items', NULL),
('items_stock', 'items', 1),
('item_kits', 'item_kits', NULL),
('messages', 'messages', NULL),
('office', 'office', NULL),
('receivings', 'receivings', NULL),
('receivings_stock', 'receivings', 1),
('reports', 'reports', NULL),
('reports_categories', 'reports', NULL),
('reports_customers', 'reports', NULL),
('reports_discounts', 'reports', NULL),
('reports_employees', 'reports', NULL),
('reports_expenses_categories', 'reports', NULL),
('reports_inventory', 'reports', NULL),
('reports_items', 'reports', NULL),
('reports_payments', 'reports', NULL),
('reports_receivings', 'reports', NULL),
('reports_sales', 'reports', NULL),
('reports_sales_taxes', 'reports', NULL),
('reports_suppliers', 'reports', NULL),
('reports_taxes', 'reports', NULL),
('sales', 'sales', NULL),
('sales_change_price', 'sales', NULL),
('sales_delete', 'sales', NULL),
('sales_stock', 'sales', 1),
('suppliers', 'suppliers', NULL),
('taxes', 'taxes', NULL);

-- --------------------------------------------------------

--
-- Table structure for table `ospos_receivings`
--

CREATE TABLE `ospos_receivings` (
  `receiving_time` timestamp NOT NULL DEFAULT current_timestamp(),
  `supplier_id` int(10) DEFAULT NULL,
  `employee_id` int(10) NOT NULL DEFAULT 0,
  `comment` text DEFAULT NULL,
  `receiving_id` int(10) NOT NULL,
  `payment_type` varchar(20) DEFAULT NULL,
  `reference` varchar(32) DEFAULT NULL
) ENGINE=InnoDB DEFAULT CHARSET=utf8;

--
-- Dumping data for table `ospos_receivings`
--

INSERT INTO `ospos_receivings` (`receiving_time`, `supplier_id`, `employee_id`, `comment`, `receiving_id`, `payment_type`, `reference`) VALUES
('2023-07-20 04:12:08', NULL, 1, '', 1, 'Due', NULL),
('2023-07-20 04:19:59', 3, 1, '', 2, 'Cash', NULL),
('2023-07-20 04:19:59', 3, 1, '', 3, 'Cash', NULL),
('2023-07-20 04:24:47', 3, 1, '', 4, 'Cash', NULL),
('2023-07-20 04:24:47', 3, 1, '', 5, 'Check', NULL),
('2023-07-21 01:04:51', 3, 1, '', 6, 'Cash', NULL),
('2023-07-21 01:04:51', 3, 1, '', 7, 'Cash', NULL),
('2023-07-21 01:04:51', 3, 1, '', 8, 'Cash', NULL),
('2023-07-21 01:13:46', 3, 1, '', 9, 'Cash', NULL),
('2023-07-21 01:13:46', 3, 1, '', 10, 'Debit Card', NULL);

-- --------------------------------------------------------

--
-- Table structure for table `ospos_receivings_items`
--

CREATE TABLE `ospos_receivings_items` (
  `receiving_id` int(10) NOT NULL DEFAULT 0,
  `item_id` int(10) NOT NULL DEFAULT 0,
  `description` varchar(30) DEFAULT NULL,
  `serialnumber` varchar(30) DEFAULT NULL,
  `line` int(3) NOT NULL,
  `quantity_purchased` decimal(15,3) NOT NULL DEFAULT 0.000,
  `item_cost_price` decimal(15,2) NOT NULL,
  `item_unit_price` decimal(15,2) NOT NULL,
  `discount` decimal(15,2) NOT NULL DEFAULT 0.00,
  `discount_type` tinyint(1) NOT NULL DEFAULT 0,
  `item_location` int(11) NOT NULL,
  `receiving_quantity` decimal(15,3) NOT NULL DEFAULT 1.000,
  `extra` decimal(10,2) DEFAULT NULL
) ENGINE=InnoDB DEFAULT CHARSET=utf8;

--
-- Dumping data for table `ospos_receivings_items`
--

INSERT INTO `ospos_receivings_items` (`receiving_id`, `item_id`, `description`, `serialnumber`, `line`, `quantity_purchased`, `item_cost_price`, `item_unit_price`, `discount`, `discount_type`, `item_location`, `receiving_quantity`, `extra`) VALUES
(1, 1, '', NULL, 1, '10.000', '500.00', '500.00', '0.00', 0, 1, '1.000', NULL),
(3, 1, '', NULL, 1, '20.000', '500.00', '500.00', '0.00', 0, 1, '1.000', NULL),
(5, 1, '', NULL, 1, '50.000', '500.00', '500.00', '0.00', 0, 1, '1.000', NULL),
(6, 1, '', NULL, 1, '0.000', '500.00', '500.00', '5.00', 0, 1, '1.000', '1000.00'),
(7, 1, '', NULL, 1, '20.000', '500.00', '500.00', '5.00', 0, 1, '1.000', NULL),
(8, 1, NULL, NULL, 1, '0.000', '0.00', '500.00', '0.00', 0, 0, '1.000', '3500.00'),
(9, 1, '', NULL, 1, '0.000', '500.00', '500.00', '0.00', 0, 1, '1.000', '15000.00'),
(10, 1, '', NULL, 1, '50.000', '500.00', '500.00', '0.00', 0, 1, '1.000', NULL);

-- --------------------------------------------------------

--
-- Table structure for table `ospos_sales`
--

CREATE TABLE `ospos_sales` (
  `sale_time` timestamp NOT NULL DEFAULT current_timestamp(),
  `customer_id` int(10) DEFAULT NULL,
  `employee_id` int(10) NOT NULL DEFAULT 0,
  `comment` text DEFAULT NULL,
  `invoice_number` varchar(32) DEFAULT NULL,
  `quote_number` varchar(32) DEFAULT NULL,
  `sale_id` int(10) NOT NULL,
  `sale_status` tinyint(1) NOT NULL DEFAULT 0,
  `dinner_table_id` int(11) DEFAULT NULL,
  `work_order_number` varchar(32) DEFAULT NULL,
  `sale_type` tinyint(1) NOT NULL DEFAULT 0
) ENGINE=InnoDB DEFAULT CHARSET=utf8;

--
-- Dumping data for table `ospos_sales`
--

INSERT INTO `ospos_sales` (`sale_time`, `customer_id`, `employee_id`, `comment`, `invoice_number`, `quote_number`, `sale_id`, `sale_status`, `dinner_table_id`, `work_order_number`, `sale_type`) VALUES
('2023-07-20 04:18:14', 2, 1, '', NULL, NULL, 1, 0, NULL, NULL, 0),
('2023-07-21 01:16:24', 2, 1, '', NULL, NULL, 2, 0, NULL, NULL, 0),
('2023-07-21 01:17:18', 2, 1, '', NULL, NULL, 3, 0, NULL, NULL, 0),
('2023-07-21 01:32:38', NULL, 1, '', NULL, NULL, 4, 0, NULL, NULL, 0),
('2023-07-21 01:34:08', 2, 1, '', NULL, NULL, 5, 0, NULL, NULL, 0),
('2023-07-21 01:34:59', 2, 1, '', NULL, NULL, 6, 0, NULL, NULL, 0),
('2023-07-21 01:37:29', NULL, 1, '', NULL, NULL, 7, 0, NULL, NULL, 0),
('2023-07-24 02:40:06', 2, 1, '', NULL, NULL, 8, 0, NULL, NULL, 0),
('2023-07-27 10:00:24', 2, 1, '', NULL, NULL, 9, 0, NULL, NULL, 0),
('2023-10-01 03:30:07', 2, 1, '', NULL, NULL, 10, 0, NULL, NULL, 0);

-- --------------------------------------------------------

--
-- Table structure for table `ospos_sales_items`
--

CREATE TABLE `ospos_sales_items` (
  `sale_id` int(10) NOT NULL DEFAULT 0,
  `item_id` int(10) NOT NULL DEFAULT 0,
  `description` varchar(255) DEFAULT NULL,
  `serialnumber` varchar(30) DEFAULT NULL,
  `line` int(3) NOT NULL DEFAULT 0,
  `quantity_purchased` decimal(15,3) NOT NULL DEFAULT 0.000,
  `item_cost_price` decimal(15,2) NOT NULL,
  `item_unit_price` decimal(15,2) NOT NULL,
  `discount` decimal(15,2) NOT NULL DEFAULT 0.00,
  `discount_type` tinyint(1) NOT NULL DEFAULT 0,
  `item_location` int(11) NOT NULL,
  `print_option` tinyint(1) NOT NULL DEFAULT 0
) ENGINE=InnoDB DEFAULT CHARSET=utf8;

--
-- Dumping data for table `ospos_sales_items`
--

INSERT INTO `ospos_sales_items` (`sale_id`, `item_id`, `description`, `serialnumber`, `line`, `quantity_purchased`, `item_cost_price`, `item_unit_price`, `discount`, `discount_type`, `item_location`, `print_option`) VALUES
(1, 1, '', '', 1, '20.000', '500.00', '800.00', '0.00', 0, 1, 0),
(2, 1, '', '', 1, '10.000', '500.00', '800.00', '0.00', 0, 1, 0),
(3, 1, '', '', 1, '5.000', '500.00', '800.00', '0.00', 0, 1, 0),
(4, 1, '', '', 1, '1.000', '500.00', '800.00', '0.00', 0, 1, 0),
(5, 1, '', '', 1, '8.000', '500.00', '800.00', '0.00', 0, 1, 0),
(6, 1, '', '', 1, '9.000', '500.00', '800.00', '0.00', 0, 1, 0),
(7, 1, '', '', 1, '8.000', '500.00', '800.00', '0.00', 0, 1, 0),
(8, 1, '', '', 1, '10.000', '500.00', '800.00', '5.00', 0, 1, 0),
(9, 1, '', '', 1, '20.000', '500.00', '800.00', '5.00', 0, 1, 0),
(10, 1, '', '', 1, '5.000', '500.00', '800.00', '200.00', 1, 1, 0);

-- --------------------------------------------------------

--
-- Table structure for table `ospos_sales_items_taxes`
--

CREATE TABLE `ospos_sales_items_taxes` (
  `sale_id` int(10) NOT NULL,
  `item_id` int(10) NOT NULL,
  `line` int(3) NOT NULL DEFAULT 0,
  `name` varchar(255) NOT NULL,
  `percent` decimal(15,4) NOT NULL DEFAULT 0.0000,
  `tax_type` tinyint(1) NOT NULL DEFAULT 0,
  `rounding_code` tinyint(1) NOT NULL DEFAULT 0,
  `cascade_sequence` tinyint(1) NOT NULL DEFAULT 0,
  `item_tax_amount` decimal(15,4) NOT NULL DEFAULT 0.0000,
  `sales_tax_code_id` int(11) DEFAULT NULL,
  `jurisdiction_id` int(11) DEFAULT NULL,
  `tax_category_id` int(11) DEFAULT NULL
) ENGINE=InnoDB DEFAULT CHARSET=utf8;

-- --------------------------------------------------------

--
-- Table structure for table `ospos_sales_payments`
--

CREATE TABLE `ospos_sales_payments` (
  `payment_id` int(11) NOT NULL,
  `sale_id` int(10) NOT NULL,
  `payment_type` varchar(40) NOT NULL,
  `payment_amount` decimal(15,2) NOT NULL,
  `cash_refund` decimal(15,2) NOT NULL DEFAULT 0.00,
  `cash_adjustment` tinyint(4) NOT NULL DEFAULT 0,
  `employee_id` int(11) DEFAULT NULL,
  `payment_time` timestamp NOT NULL DEFAULT current_timestamp(),
  `reference_code` varchar(40) NOT NULL DEFAULT ''
) ENGINE=InnoDB DEFAULT CHARSET=utf8;

--
-- Dumping data for table `ospos_sales_payments`
--

INSERT INTO `ospos_sales_payments` (`payment_id`, `sale_id`, `payment_type`, `payment_amount`, `cash_refund`, `cash_adjustment`, `employee_id`, `payment_time`, `reference_code`) VALUES
(1, 1, 'Cash', '10000.00', '0.00', 0, 1, '2023-07-20 13:18:14', ''),
(2, 1, 'Cash', '6000.00', '0.00', 0, 1, '2023-07-20 13:18:14', ''),
(3, 2, 'Cash', '4000.00', '0.00', 0, 1, '2023-07-21 10:16:24', ''),
(4, 3, 'Cash', '4000.00', '0.00', 0, 1, '2023-07-21 10:17:18', ''),
(5, 2, 'Cash', '500.00', '0.00', 0, 1, '2023-07-21 10:16:24', ''),
(6, 2, 'Cash', '400.00', '0.00', 0, 1, '2023-07-21 10:16:24', ''),
(7, 2, 'Cash', '500.00', '0.00', 0, 1, '2023-07-21 10:16:24', ''),
(8, 4, 'Cash', '800.00', '0.00', 0, 1, '2023-07-21 10:32:38', ''),
(9, 5, 'Debit Card', '6400.00', '0.00', 0, 1, '2023-07-21 10:34:08', ''),
(10, 6, 'Credit Card', '7200.00', '0.00', 0, 1, '2023-07-21 10:34:59', ''),
(11, 7, 'Check', '6000.00', '0.00', 0, 1, '2023-07-21 10:37:29', ''),
(12, 7, 'Cash', '400.00', '0.00', 0, 1, '2023-07-21 10:37:29', ''),
(13, 2, 'Cash', '2600.00', '0.00', 0, 1, '2023-07-21 10:16:24', ''),
(14, 8, 'Cash', '7600.00', '0.00', 0, 1, '2023-07-24 11:40:06', ''),
(15, 9, 'Cash', '3400.00', '0.00', 0, 1, '2023-07-27 19:00:24', ''),
(16, 9, 'Cash', '5200.00', '0.00', 0, 1, '2023-07-27 19:00:24', ''),
(17, 9, 'Cash', '1000.00', '0.00', 0, 1, '2023-07-27 19:00:24', ''),
(18, 10, 'Due', '2000.00', '0.00', 0, 1, '2023-10-01 12:30:07', ''),
(19, 10, 'Cash', '1000.00', '0.00', 0, 1, '2023-10-01 12:30:07', ''),
(20, 9, 'Due', '5600.00', '0.00', 0, 1, '2023-07-27 19:00:24', '');

-- --------------------------------------------------------

--
-- Table structure for table `ospos_sales_reward_points`
--

CREATE TABLE `ospos_sales_reward_points` (
  `id` int(11) NOT NULL,
  `sale_id` int(11) NOT NULL,
  `earned` float NOT NULL,
  `used` float NOT NULL
) ENGINE=InnoDB DEFAULT CHARSET=utf8;

-- --------------------------------------------------------

--
-- Table structure for table `ospos_sales_taxes`
--

CREATE TABLE `ospos_sales_taxes` (
  `sales_taxes_id` int(11) NOT NULL,
  `sale_id` int(10) NOT NULL,
  `jurisdiction_id` int(11) DEFAULT NULL,
  `tax_category_id` int(11) DEFAULT NULL,
  `tax_type` smallint(2) NOT NULL,
  `tax_group` varchar(32) NOT NULL,
  `sale_tax_basis` decimal(15,4) NOT NULL,
  `sale_tax_amount` decimal(15,4) NOT NULL,
  `print_sequence` tinyint(1) NOT NULL DEFAULT 0,
  `name` varchar(255) NOT NULL,
  `tax_rate` decimal(15,4) NOT NULL,
  `sales_tax_code_id` int(11) DEFAULT NULL,
  `rounding_code` tinyint(1) NOT NULL DEFAULT 0
) ENGINE=InnoDB DEFAULT CHARSET=utf8;

-- --------------------------------------------------------

--
-- Table structure for table `ospos_sessions`
--

CREATE TABLE `ospos_sessions` (
  `id` varchar(40) NOT NULL,
  `ip_address` varchar(45) NOT NULL,
  `timestamp` int(10) UNSIGNED NOT NULL DEFAULT 0,
  `data` mediumblob NOT NULL
) ENGINE=InnoDB DEFAULT CHARSET=utf8;

--
-- Dumping data for table `ospos_sessions`
--

INSERT INTO `ospos_sessions` (`id`, `ip_address`, `timestamp`, `data`) VALUES
('dcnv6hjeuus8jm5o9bdtkf59k5c97rah', '::1', 1689858795, 0x[BLOB]),
('39n8nekdf7t6nnv0p1lru82oag6aqfrb', '::1', 1689859104, 0x[BLOB]),
('t30vm5ngbc9urs6kslm4haafl800vrtl', '::1', 1689859486, 0x[BLOB]),
('ao9b3td8tie8v8u2er1oalntekncninv', '::1', 1689860336, 0x[BLOB]),
('rfsrcrebnn6g21spu8t7rmm5cv30gllt', '::1', 1689860662, 0x[BLOB]),
('d3pn51pkhrnlm7us2f66crdc4dlpj1c7', '::1', 1689860663, 0x[BLOB]),
('gad6v52ceuhcfptvoljkib8f4v6d4sh3', '::1', 1689934217, 0x[BLOB]),
('7ptosjg0fd9t58cu285ct0e2qnslghmg', '::1', 1689934532, 0x[BLOB]),
('oj511odo8bnlj2h04oa8iivif4c5hh2i', '::1', 1689935008, 0x[BLOB]),
('qg3d5uabecuh2usp3sbcaaruq86c1aht', '::1', 1689935538, 0x[BLOB]),
('jhs7bgvo4rvdn3oog7eaqjc948ctcvgr', '::1', 1689935842, 0x[BLOB]),
('i2tg9akkuh4cdse2nvnsnsbeu8kh2mal', '::1', 1689936145, 0x[BLOB]),
('j0rpscb58fv9n3prf5erc86f163d96gn', '::1', 1689936999, 0x[BLOB]),
('3406jto349aeierhv1lv4e4lu29a2ve1', '::1', 1689937007, 0x[BLOB]),
('emu1hsg4leubamkomvac4qdc595qpkh7', '::1', 1690197684, 0x[BLOB]),
('r3m0hvkbb88lvn8va7iv7a0v32onjdfi', '::1', 1690198017, 0x[BLOB]),
('tgvfb4e6uja43r19nvore8e2v669vksr', '::1', 1690198718, 0x[BLOB]),
('g7l3letscd4ohao7guuga3e647ibjiep', '::1', 1690198993, 0x[BLOB]),
('uefo9i349hbg81ik9gojap2l4n04b18h', '::1', 1690213041, 0x5f5f63695f6c6173745f726567656e65726174657c693a313639303231333034313b),
('ohb5a2lsqvnvrugrg734q1rslnv3qadc', '::1', 1690223472, 0x5f5f63695f6c6173745f726567656e65726174657c693a313639303232333434373b706572736f6e5f69647c733a313a2231223b6d656e755f67726f75707c733a363a226f6666696365223b),
('jku4g6rkj78uro9fep7dg1hagra7us9n', '::1', 1690278895, 0x5f5f63695f6c6173745f726567656e65726174657c693a313639303237383839353b706572736f6e5f69647c733a313a2231223b6d656e755f67726f75707c733a343a22686f6d65223b),
('kqhrdih22rna09iddm7mssaiccsdbahc', '::1', 1690278904, 0x5f5f63695f6c6173745f726567656e65726174657c693a313639303237383839353b706572736f6e5f69647c733a313a2231223b6d656e755f67726f75707c733a343a22686f6d65223b),
('dqt00hrb13cbdab7990nla8iskhstag4', '::1', 1690285936, 0x5f5f63695f6c6173745f726567656e65726174657c693a313639303238353933363b),
('7s12d55kobl3379g0qsg4ofp48dlau61', '::1', 1690484474, 0x[BLOB]),
('imp4sbfmurfgjp9iohvr6qrj5d5nomld', '::1', 1690484744, 0x[BLOB]),
('5j8fbqprn8ir25tq2j62s5nkgiq8p648', '::1', 1690547197, 0x5f5f63695f6c6173745f726567656e65726174657c693a313639303534373139373b),
('sm1macb3rgr2riofnfv909rgm60p5lf3', '::1', 1690572135, 0x5f5f63695f6c6173745f726567656e65726174657c693a313639303537323035303b706572736f6e5f69647c733a313a2231223b6d656e755f67726f75707c733a343a22686f6d65223b),
('kirjcbemql0dpcqgbrd01f75qck0a5gt', '::1', 1690761800, 0x5f5f63695f6c6173745f726567656e65726174657c693a313639303736313734343b706572736f6e5f69647c733a313a2231223b6d656e755f67726f75707c733a343a22686f6d65223b),
('ru00imi60v44dcl9p7dmg1g29m3j4k5e', '::1', 1693903216, 0x5f5f63695f6c6173745f726567656e65726174657c693a313639333930333231363b),
('c7upe6p5edbelkj4f3qq3qc670kdet9i', '::1', 1693903216, ''),
('85noi9sskv3gkpf9ltuhfj5kfkip7mpa', '::1', 1693903308, 0x[BLOB]),
('ndpb24k3mq9unv506mfu6nkc4kkkmdj0', '::1', 1696163551, 0x[BLOB]),
('erhdhuhn3co4lnoid1ld5an6m2s69d1j', '::1', 1696164133, 0x[BLOB]),
('pvjsu2hipovv9s39ts06a1mer3iko8ro', '::1', 1696164133, 0x[BLOB]),
('7prp0cf36a2vjhujjnu8ri80aaljladu', '::1', 1700057293, 0x5f5f63695f6c6173745f726567656e65726174657c693a313730303035373234333b706572736f6e5f69647c733a313a2231223b6d656e755f67726f75707c733a343a22686f6d65223b);

-- --------------------------------------------------------

--
-- Table structure for table `ospos_stock_locations`
--

CREATE TABLE `ospos_stock_locations` (
  `location_id` int(11) NOT NULL,
  `location_name` varchar(255) DEFAULT NULL,
  `deleted` tinyint(1) NOT NULL DEFAULT 0
) ENGINE=InnoDB DEFAULT CHARSET=utf8;

--
-- Dumping data for table `ospos_stock_locations`
--

INSERT INTO `ospos_stock_locations` (`location_id`, `location_name`, `deleted`) VALUES
(1, 'stock', 0);

-- --------------------------------------------------------

--
-- Table structure for table `ospos_suppliers`
--

CREATE TABLE `ospos_suppliers` (
  `person_id` int(10) NOT NULL,
  `company_name` varchar(255) NOT NULL,
  `agency_name` varchar(255) NOT NULL,
  `account_number` varchar(255) DEFAULT NULL,
  `tax_id` varchar(32) NOT NULL DEFAULT '',
  `deleted` tinyint(1) NOT NULL DEFAULT 0,
  `category` tinyint(1) NOT NULL
) ENGINE=InnoDB DEFAULT CHARSET=utf8;

--
-- Dumping data for table `ospos_suppliers`
--

INSERT INTO `ospos_suppliers` (`person_id`, `company_name`, `agency_name`, `account_number`, `tax_id`, `deleted`, `category`) VALUES
(3, 'khs', '', NULL, '', 0, 0);

-- --------------------------------------------------------

--
-- Table structure for table `ospos_tax_categories`
--

CREATE TABLE `ospos_tax_categories` (
  `tax_category_id` int(10) NOT NULL,
  `tax_category` varchar(32) NOT NULL,
  `tax_group_sequence` tinyint(1) NOT NULL,
  `deleted` tinyint(1) NOT NULL DEFAULT 0
) ENGINE=InnoDB DEFAULT CHARSET=utf8;

-- --------------------------------------------------------

--
-- Table structure for table `ospos_tax_codes`
--

CREATE TABLE `ospos_tax_codes` (
  `tax_code_id` int(11) NOT NULL,
  `tax_code` varchar(32) NOT NULL,
  `tax_code_name` varchar(255) NOT NULL DEFAULT '',
  `city` varchar(255) NOT NULL DEFAULT '',
  `state` varchar(255) NOT NULL DEFAULT '',
  `deleted` tinyint(1) NOT NULL DEFAULT 0
) ENGINE=InnoDB DEFAULT CHARSET=utf8;

-- --------------------------------------------------------

--
-- Table structure for table `ospos_tax_jurisdictions`
--

CREATE TABLE `ospos_tax_jurisdictions` (
  `jurisdiction_id` int(11) NOT NULL,
  `jurisdiction_name` varchar(255) DEFAULT NULL,
  `tax_group` varchar(32) NOT NULL,
  `tax_type` smallint(2) NOT NULL,
  `reporting_authority` varchar(255) DEFAULT NULL,
  `tax_group_sequence` tinyint(1) NOT NULL DEFAULT 0,
  `cascade_sequence` tinyint(1) NOT NULL DEFAULT 0,
  `deleted` tinyint(1) NOT NULL DEFAULT 0
) ENGINE=InnoDB DEFAULT CHARSET=utf8;

-- --------------------------------------------------------

--
-- Table structure for table `ospos_tax_rates`
--

CREATE TABLE `ospos_tax_rates` (
  `tax_rate_id` int(11) NOT NULL,
  `rate_tax_code_id` int(11) NOT NULL,
  `rate_tax_category_id` int(10) NOT NULL,
  `rate_jurisdiction_id` int(11) NOT NULL,
  `tax_rate` decimal(15,4) NOT NULL DEFAULT 0.0000,
  `tax_rounding_code` tinyint(1) NOT NULL DEFAULT 0
) ENGINE=InnoDB DEFAULT CHARSET=utf8;

--
-- Indexes for table `ospos_attribute_definitions`
--
ALTER TABLE `ospos_attribute_definitions`
  ADD PRIMARY KEY (`definition_id`),
  ADD KEY `definition_fk` (`definition_fk`),
  ADD KEY `definition_name` (`definition_name`),
  ADD KEY `definition_type` (`definition_type`);

--
-- Indexes for table `ospos_attribute_links`
--
ALTER TABLE `ospos_attribute_links`
  ADD UNIQUE KEY `attribute_links_uq1` (`attribute_id`,`definition_id`,`item_id`,`sale_id`,`receiving_id`),
  ADD UNIQUE KEY `attribute_links_uq2` (`item_id`,`sale_id`,`receiving_id`,`definition_id`,`attribute_id`),
  ADD KEY `attribute_id` (`attribute_id`),
  ADD KEY `definition_id` (`definition_id`),
  ADD KEY `item_id` (`item_id`),
  ADD KEY `sale_id` (`sale_id`),
  ADD KEY `receiving_id` (`receiving_id`);

--
-- Indexes for table `ospos_attribute_values`
--
ALTER TABLE `ospos_attribute_values`
  ADD PRIMARY KEY (`attribute_id`),
  ADD UNIQUE KEY `attribute_value` (`attribute_value`),
  ADD UNIQUE KEY `attribute_date` (`attribute_date`),
  ADD UNIQUE KEY `attribute_decimal` (`attribute_decimal`);

--
-- Indexes for table `ospos_cash_up`
--
ALTER TABLE `ospos_cash_up`
  ADD PRIMARY KEY (`cashup_id`),
  ADD KEY `open_employee_id` (`open_employee_id`),
  ADD KEY `close_employee_id` (`close_employee_id`);

--
-- Indexes for table `ospos_customers`
--
ALTER TABLE `ospos_customers`
  ADD PRIMARY KEY (`person_id`),
  ADD UNIQUE KEY `account_number` (`account_number`),
  ADD KEY `person_id` (`person_id`),
  ADD KEY `package_id` (`package_id`),
  ADD KEY `sales_tax_code_id` (`sales_tax_code_id`),
  ADD KEY `company_name` (`company_name`);

--
-- Indexes for table `ospos_customers_packages`
--
ALTER TABLE `ospos_customers_packages`
  ADD PRIMARY KEY (`package_id`);

--
-- Indexes for table `ospos_customers_points`
--
ALTER TABLE `ospos_customers_points`
  ADD PRIMARY KEY (`id`),
  ADD KEY `person_id` (`person_id`),
  ADD KEY `package_id` (`package_id`),
  ADD KEY `sale_id` (`sale_id`);

--
-- Indexes for table `ospos_dinner_tables`
--
ALTER TABLE `ospos_dinner_tables`
  ADD PRIMARY KEY (`dinner_table_id`),
  ADD KEY `status` (`status`);

--
-- Indexes for table `ospos_expenses`
--
ALTER TABLE `ospos_expenses`
  ADD PRIMARY KEY (`expense_id`),
  ADD KEY `expense_category_id` (`expense_category_id`),
  ADD KEY `employee_id` (`employee_id`),
  ADD KEY `ospos_expenses_ibfk_3` (`supplier_id`),
  ADD KEY `date` (`date`),
  ADD KEY `payment_type` (`payment_type`),
  ADD KEY `amount` (`amount`);

--
-- Indexes for table `ospos_expense_categories`
--
ALTER TABLE `ospos_expense_categories`
  ADD PRIMARY KEY (`expense_category_id`),
  ADD UNIQUE KEY `category_name` (`category_name`),
  ADD KEY `category_description` (`category_description`);

--
-- Indexes for table `ospos_giftcards`
--
ALTER TABLE `ospos_giftcards`
  ADD PRIMARY KEY (`giftcard_id`),
  ADD UNIQUE KEY `giftcard_number` (`giftcard_number`),
  ADD KEY `person_id` (`person_id`);

--
-- Indexes for table `ospos_grants`
--
ALTER TABLE `ospos_grants`
  ADD PRIMARY KEY (`permission_id`,`person_id`),
  ADD KEY `ospos_grants_ibfk_2` (`person_id`);

--
-- Indexes for table `ospos_inventory`
--
ALTER TABLE `ospos_inventory`
  ADD PRIMARY KEY (`trans_id`),
  ADD KEY `trans_items` (`trans_items`),
  ADD KEY `trans_user` (`trans_user`),
  ADD KEY `trans_location` (`trans_location`),
  ADD KEY `trans_date` (`trans_date`);

--
-- Indexes for table `ospos_items`
--
ALTER TABLE `ospos_items`
  ADD PRIMARY KEY (`item_id`),
  ADD UNIQUE KEY `items_uq1` (`supplier_id`,`item_id`,`deleted`,`item_type`),
  ADD KEY `item_number` (`item_number`),
  ADD KEY `supplier_id` (`supplier_id`),
  ADD KEY `deleted` (`deleted`,`item_type`);

--
-- Indexes for table `ospos_items_taxes`
--
ALTER TABLE `ospos_items_taxes`
  ADD PRIMARY KEY (`item_id`,`name`,`percent`);

--
-- Indexes for table `ospos_item_kits`
--
ALTER TABLE `ospos_item_kits`
  ADD PRIMARY KEY (`item_kit_id`),
  ADD KEY `item_kit_number` (`item_kit_number`),
  ADD KEY `name` (`name`,`description`);

--
-- Indexes for table `ospos_item_kit_items`
--
ALTER TABLE `ospos_item_kit_items`
  ADD PRIMARY KEY (`item_kit_id`,`item_id`,`quantity`),
  ADD KEY `ospos_item_kit_items_ibfk_2` (`item_id`);

--
-- Indexes for table `ospos_item_quantities`
--
ALTER TABLE `ospos_item_quantities`
  ADD PRIMARY KEY (`item_id`,`location_id`),
  ADD KEY `item_id` (`item_id`),
  ADD KEY `location_id` (`location_id`);

--
-- Indexes for table `ospos_modules`
--
ALTER TABLE `ospos_modules`
  ADD PRIMARY KEY (`module_id`),
  ADD UNIQUE KEY `desc_lang_key` (`desc_lang_key`),
  ADD UNIQUE KEY `name_lang_key` (`name_lang_key`);

--
-- Indexes for table `ospos_people`
--
ALTER TABLE `ospos_people`
  ADD PRIMARY KEY (`person_id`),
  ADD KEY `email` (`email`),
  ADD KEY `first_name` (`first_name`,`last_name`,`email`,`phone_number`);

--
-- Indexes for table `ospos_permissions`
--
ALTER TABLE `ospos_permissions`
  ADD PRIMARY KEY (`permission_id`),
  ADD KEY `module_id` (`module_id`),
  ADD KEY `ospos_permissions_ibfk_2` (`location_id`);

--
-- Indexes for table `ospos_receivings`
--
ALTER TABLE `ospos_receivings`
  ADD PRIMARY KEY (`receiving_id`),
  ADD KEY `supplier_id` (`supplier_id`),
  ADD KEY `employee_id` (`employee_id`),
  ADD KEY `reference` (`reference`),
  ADD KEY `receiving_time` (`receiving_time`);

--
-- Indexes for table `ospos_receivings_items`
--
ALTER TABLE `ospos_receivings_items`
  ADD PRIMARY KEY (`receiving_id`,`item_id`,`line`),
  ADD KEY `item_id` (`item_id`);

--
-- Indexes for table `ospos_sales`
--
ALTER TABLE `ospos_sales`
  ADD PRIMARY KEY (`sale_id`),
  ADD UNIQUE KEY `invoice_number` (`invoice_number`),
  ADD KEY `customer_id` (`customer_id`),
  ADD KEY `employee_id` (`employee_id`),
  ADD KEY `sale_time` (`sale_time`),
  ADD KEY `dinner_table_id` (`dinner_table_id`);

--
-- Indexes for table `ospos_sales_items`
--
ALTER TABLE `ospos_sales_items`
  ADD PRIMARY KEY (`sale_id`,`item_id`,`line`),
  ADD KEY `sale_id` (`sale_id`),
  ADD KEY `item_id` (`item_id`),
  ADD KEY `item_location` (`item_location`);

--
-- Indexes for table `ospos_sales_items_taxes`
--
ALTER TABLE `ospos_sales_items_taxes`
  ADD PRIMARY KEY (`sale_id`,`item_id`,`line`,`name`,`percent`),
  ADD KEY `sale_id` (`sale_id`),
  ADD KEY `item_id` (`item_id`);

--
-- Indexes for table `ospos_sales_payments`
--
ALTER TABLE `ospos_sales_payments`
  ADD PRIMARY KEY (`payment_id`),
  ADD KEY `payment_sale` (`sale_id`,`payment_type`),
  ADD KEY `employee_id` (`employee_id`),
  ADD KEY `payment_time` (`payment_time`);

--
-- Indexes for table `ospos_sales_reward_points`
--
ALTER TABLE `ospos_sales_reward_points`
  ADD PRIMARY KEY (`id`),
  ADD KEY `sale_id` (`sale_id`);

--
-- Indexes for table `ospos_sales_taxes`
--
ALTER TABLE `ospos_sales_taxes`
  ADD PRIMARY KEY (`sales_taxes_id`),
  ADD KEY `print_sequence` (`sale_id`,`print_sequence`,`tax_group`);

--
-- Indexes for table `ospos_sessions`
--
ALTER TABLE `ospos_sessions`
  ADD KEY `ci_sessions_timestamp` (`timestamp`),
  ADD KEY `id` (`id`),
  ADD KEY `ip_address` (`ip_address`);

--
-- Indexes for table `ospos_stock_locations`
--
ALTER TABLE `ospos_stock_locations`
  ADD PRIMARY KEY (`location_id`);

--
-- Indexes for table `ospos_suppliers`
--
ALTER TABLE `ospos_suppliers`
  ADD PRIMARY KEY (`person_id`),
  ADD UNIQUE KEY `account_number` (`account_number`),
  ADD KEY `person_id` (`person_id`),
  ADD KEY `category` (`category`),
  ADD KEY `company_name` (`company_name`,`deleted`);

--
-- Indexes for table `ospos_tax_categories`
--
ALTER TABLE `ospos_tax_categories`
  ADD PRIMARY KEY (`tax_category_id`);

--
-- Indexes for table `ospos_tax_codes`
--
ALTER TABLE `ospos_tax_codes`
  ADD PRIMARY KEY (`tax_code_id`);

--
-- Indexes for table `ospos_tax_jurisdictions`
--
ALTER TABLE `ospos_tax_jurisdictions`
  ADD PRIMARY KEY (`jurisdiction_id`),
  ADD UNIQUE KEY `tax_jurisdictions_uq1` (`tax_group`);

--
-- Indexes for table `ospos_tax_rates`
--
ALTER TABLE `ospos_tax_rates`
  ADD PRIMARY KEY (`tax_rate_id`),
  ADD KEY `rate_tax_category_id` (`rate_tax_category_id`),
  ADD KEY `rate_tax_code_id` (`rate_tax_code_id`),
  ADD KEY `rate_jurisdiction_id` (`rate_jurisdiction_id`);

--
-- AUTO_INCREMENT for dumped tables
--

--
-- AUTO_INCREMENT for table `ospos_attribute_definitions`
--
ALTER TABLE `ospos_attribute_definitions`
  MODIFY `definition_id` int(10) NOT NULL AUTO_INCREMENT;

--
-- AUTO_INCREMENT for table `ospos_attribute_values`
--
ALTER TABLE `ospos_attribute_values`
  MODIFY `attribute_id` int(11) NOT NULL AUTO_INCREMENT;

--
-- AUTO_INCREMENT for table `ospos_cash_up`
--
ALTER TABLE `ospos_cash_up`
  MODIFY `cashup_id` int(10) NOT NULL AUTO_INCREMENT;

--
-- AUTO_INCREMENT for table `ospos_customers_packages`
--
ALTER TABLE `ospos_customers_packages`
  MODIFY `package_id` int(11) NOT NULL AUTO_INCREMENT, AUTO_INCREMENT=6;

--
-- AUTO_INCREMENT for table `ospos_customers_points`
--
ALTER TABLE `ospos_customers_points`
  MODIFY `id` int(11) NOT NULL AUTO_INCREMENT;

--
-- AUTO_INCREMENT for table `ospos_dinner_tables`
--
ALTER TABLE `ospos_dinner_tables`
  MODIFY `dinner_table_id` int(11) NOT NULL AUTO_INCREMENT, AUTO_INCREMENT=3;

--
-- AUTO_INCREMENT for table `ospos_expenses`
--
ALTER TABLE `ospos_expenses`
  MODIFY `expense_id` int(10) NOT NULL AUTO_INCREMENT;

--
-- AUTO_INCREMENT for table `ospos_expense_categories`
--
ALTER TABLE `ospos_expense_categories`
  MODIFY `expense_category_id` int(10) NOT NULL AUTO_INCREMENT;

--
-- AUTO_INCREMENT for table `ospos_giftcards`
--
ALTER TABLE `ospos_giftcards`
  MODIFY `giftcard_id` int(11) NOT NULL AUTO_INCREMENT;

--
-- AUTO_INCREMENT for table `ospos_inventory`
--
ALTER TABLE `ospos_inventory`
  MODIFY `trans_id` int(11) NOT NULL AUTO_INCREMENT, AUTO_INCREMENT=18;

--
-- AUTO_INCREMENT for table `ospos_items`
--
ALTER TABLE `ospos_items`
  MODIFY `item_id` int(10) NOT NULL AUTO_INCREMENT, AUTO_INCREMENT=2;

--
-- AUTO_INCREMENT for table `ospos_item_kits`
--
ALTER TABLE `ospos_item_kits`
  MODIFY `item_kit_id` int(11) NOT NULL AUTO_INCREMENT;

--
-- AUTO_INCREMENT for table `ospos_people`
--
ALTER TABLE `ospos_people`
  MODIFY `person_id` int(10) NOT NULL AUTO_INCREMENT, AUTO_INCREMENT=4;

--
-- AUTO_INCREMENT for table `ospos_receivings`
--
ALTER TABLE `ospos_receivings`
  MODIFY `receiving_id` int(10) NOT NULL AUTO_INCREMENT, AUTO_INCREMENT=11;

--
-- AUTO_INCREMENT for table `ospos_sales`
--
ALTER TABLE `ospos_sales`
  MODIFY `sale_id` int(10) NOT NULL AUTO_INCREMENT, AUTO_INCREMENT=11;

--
-- AUTO_INCREMENT for table `ospos_sales_payments`
--
ALTER TABLE `ospos_sales_payments`
  MODIFY `payment_id` int(11) NOT NULL AUTO_INCREMENT, AUTO_INCREMENT=21;

--
-- AUTO_INCREMENT for table `ospos_sales_reward_points`
--
ALTER TABLE `ospos_sales_reward_points`
  MODIFY `id` int(11) NOT NULL AUTO_INCREMENT;

--
-- AUTO_INCREMENT for table `ospos_sales_taxes`
--
ALTER TABLE `ospos_sales_taxes`
  MODIFY `sales_taxes_id` int(11) NOT NULL AUTO_INCREMENT;

--
-- AUTO_INCREMENT for table `ospos_stock_locations`
--
ALTER TABLE `ospos_stock_locations`
  MODIFY `location_id` int(11) NOT NULL AUTO_INCREMENT, AUTO_INCREMENT=2;

--
-- AUTO_INCREMENT for table `ospos_tax_categories`
--
ALTER TABLE `ospos_tax_categories`
  MODIFY `tax_category_id` int(10) NOT NULL AUTO_INCREMENT;

--
-- AUTO_INCREMENT for table `ospos_tax_codes`
--
ALTER TABLE `ospos_tax_codes`
  MODIFY `tax_code_id` int(11) NOT NULL AUTO_INCREMENT;

--
-- AUTO_INCREMENT for table `ospos_tax_jurisdictions`
--
ALTER TABLE `ospos_tax_jurisdictions`
  MODIFY `jurisdiction_id` int(11) NOT NULL AUTO_INCREMENT;

--
-- AUTO_INCREMENT for table `ospos_tax_rates`
--
ALTER TABLE `ospos_tax_rates`
  MODIFY `tax_rate_id` int(11) NOT NULL AUTO_INCREMENT;

--
-- Constraints for dumped tables
--

--
-- Constraints for table `ospos_attribute_definitions`
--
ALTER TABLE `ospos_attribute_definitions`
  ADD CONSTRAINT `fk_ospos_attribute_definitions_ibfk_1` FOREIGN KEY (`definition_fk`) REFERENCES `ospos_attribute_definitions` (`definition_id`);

--
-- Constraints for table `ospos_attribute_links`
--
ALTER TABLE `ospos_attribute_links`
  ADD CONSTRAINT `ospos_attribute_links_ibfk_1` FOREIGN KEY (`definition_id`) REFERENCES `ospos_attribute_definitions` (`definition_id`) ON DELETE CASCADE,
  ADD CONSTRAINT `ospos_attribute_links_ibfk_2` FOREIGN KEY (`attribute_id`) REFERENCES `ospos_attribute_values` (`attribute_id`) ON DELETE CASCADE,
  ADD CONSTRAINT `ospos_attribute_links_ibfk_3` FOREIGN KEY (`item_id`) REFERENCES `ospos_items` (`item_id`),
  ADD CONSTRAINT `ospos_attribute_links_ibfk_4` FOREIGN KEY (`receiving_id`) REFERENCES `ospos_receivings` (`receiving_id`) ON DELETE CASCADE,
  ADD CONSTRAINT `ospos_attribute_links_ibfk_5` FOREIGN KEY (`sale_id`) REFERENCES `ospos_sales` (`sale_id`);

--
-- Constraints for table `ospos_cash_up`
--
ALTER TABLE `ospos_cash_up`
  ADD CONSTRAINT `ospos_cash_up_ibfk_1` FOREIGN KEY (`open_employee_id`) REFERENCES `ospos_employees` (`person_id`),
  ADD CONSTRAINT `ospos_cash_up_ibfk_2` FOREIGN KEY (`close_employee_id`) REFERENCES `ospos_employees` (`person_id`);

--
-- Constraints for table `ospos_customers`
--
ALTER TABLE `ospos_customers`
  ADD CONSTRAINT `ospos_customers_ibfk_1` FOREIGN KEY (`person_id`) REFERENCES `ospos_people` (`person_id`),
  ADD CONSTRAINT `ospos_customers_ibfk_2` FOREIGN KEY (`package_id`) REFERENCES `ospos_customers_packages` (`package_id`),
  ADD CONSTRAINT `ospos_customers_ibfk_3` FOREIGN KEY (`sales_tax_code_id`) REFERENCES `ospos_tax_codes` (`tax_code_id`);

--
-- Constraints for table `ospos_customers_points`
--
ALTER TABLE `ospos_customers_points`
  ADD CONSTRAINT `ospos_customers_points_ibfk_1` FOREIGN KEY (`person_id`) REFERENCES `ospos_customers` (`person_id`),
  ADD CONSTRAINT `ospos_customers_points_ibfk_2` FOREIGN KEY (`package_id`) REFERENCES `ospos_customers_packages` (`package_id`),
  ADD CONSTRAINT `ospos_customers_points_ibfk_3` FOREIGN KEY (`sale_id`) REFERENCES `ospos_sales` (`sale_id`);

--
-- Constraints for table `ospos_expenses`
--
ALTER TABLE `ospos_expenses`
  ADD CONSTRAINT `ospos_expenses_ibfk_1` FOREIGN KEY (`expense_category_id`) REFERENCES `ospos_expense_categories` (`expense_category_id`),
  ADD CONSTRAINT `ospos_expenses_ibfk_2` FOREIGN KEY (`employee_id`) REFERENCES `ospos_employees` (`person_id`),
  ADD CONSTRAINT `ospos_expenses_ibfk_3` FOREIGN KEY (`supplier_id`) REFERENCES `ospos_suppliers` (`person_id`);

--
-- Constraints for table `ospos_giftcards`
--
ALTER TABLE `ospos_giftcards`
  ADD CONSTRAINT `ospos_giftcards_ibfk_1` FOREIGN KEY (`person_id`) REFERENCES `ospos_people` (`person_id`);

--
-- Constraints for table `ospos_grants`
--
ALTER TABLE `ospos_grants`
  ADD CONSTRAINT `ospos_grants_ibfk_1` FOREIGN KEY (`permission_id`) REFERENCES `ospos_permissions` (`permission_id`) ON DELETE CASCADE,
  ADD CONSTRAINT `ospos_grants_ibfk_2` FOREIGN KEY (`person_id`) REFERENCES `ospos_employees` (`person_id`) ON DELETE CASCADE;

--
-- Constraints for table `ospos_inventory`
--
ALTER TABLE `ospos_inventory`
  ADD CONSTRAINT `ospos_inventory_ibfk_1` FOREIGN KEY (`trans_items`) REFERENCES `ospos_items` (`item_id`),
  ADD CONSTRAINT `ospos_inventory_ibfk_2` FOREIGN KEY (`trans_user`) REFERENCES `ospos_employees` (`person_id`),
  ADD CONSTRAINT `ospos_inventory_ibfk_3` FOREIGN KEY (`trans_location`) REFERENCES `ospos_stock_locations` (`location_id`);

--
-- Constraints for table `ospos_items`
--
ALTER TABLE `ospos_items`
  ADD CONSTRAINT `ospos_items_ibfk_1` FOREIGN KEY (`supplier_id`) REFERENCES `ospos_suppliers` (`person_id`);

--
-- Constraints for table `ospos_items_taxes`
--
ALTER TABLE `ospos_items_taxes`
  ADD CONSTRAINT `ospos_items_taxes_ibfk_1` FOREIGN KEY (`item_id`) REFERENCES `ospos_items` (`item_id`) ON DELETE CASCADE;

--
-- Constraints for table `ospos_item_kit_items`
--
ALTER TABLE `ospos_item_kit_items`
  ADD CONSTRAINT `ospos_item_kit_items_ibfk_1` FOREIGN KEY (`item_kit_id`) REFERENCES `ospos_item_kits` (`item_kit_id`) ON DELETE CASCADE,
  ADD CONSTRAINT `ospos_item_kit_items_ibfk_2` FOREIGN KEY (`item_id`) REFERENCES `ospos_items` (`item_id`) ON DELETE CASCADE;

--
-- Constraints for table `ospos_item_quantities`
--
ALTER TABLE `ospos_item_quantities`
  ADD CONSTRAINT `ospos_item_quantities_ibfk_1` FOREIGN KEY (`item_id`) REFERENCES `ospos_items` (`item_id`),
  ADD CONSTRAINT `ospos_item_quantities_ibfk_2` FOREIGN KEY (`location_id`) REFERENCES `ospos_stock_locations` (`location_id`);

--
-- Constraints for table `ospos_permissions`
--
ALTER TABLE `ospos_permissions`
  ADD CONSTRAINT `ospos_permissions_ibfk_1` FOREIGN KEY (`module_id`) REFERENCES `ospos_modules` (`module_id`) ON DELETE CASCADE,
  ADD CONSTRAINT `ospos_permissions_ibfk_2` FOREIGN KEY (`location_id`) REFERENCES `ospos_stock_locations` (`location_id`) ON DELETE CASCADE;

--
-- Constraints for table `ospos_receivings`
--
ALTER TABLE `ospos_receivings`
  ADD CONSTRAINT `ospos_receivings_ibfk_1` FOREIGN KEY (`employee_id`) REFERENCES `ospos_employees` (`person_id`),
  ADD CONSTRAINT `ospos_receivings_ibfk_2` FOREIGN KEY (`supplier_id`) REFERENCES `ospos_suppliers` (`person_id`);

--
-- Constraints for table `ospos_receivings_items`
--
ALTER TABLE `ospos_receivings_items`
  ADD CONSTRAINT `ospos_receivings_items_ibfk_1` FOREIGN KEY (`item_id`) REFERENCES `ospos_items` (`item_id`),
  ADD CONSTRAINT `ospos_receivings_items_ibfk_2` FOREIGN KEY (`receiving_id`) REFERENCES `ospos_receivings` (`receiving_id`);

--
-- Constraints for table `ospos_sales`
--
ALTER TABLE `ospos_sales`
  ADD CONSTRAINT `ospos_sales_ibfk_1` FOREIGN KEY (`employee_id`) REFERENCES `ospos_employees` (`person_id`),
  ADD CONSTRAINT `ospos_sales_ibfk_2` FOREIGN KEY (`customer_id`) REFERENCES `ospos_customers` (`person_id`),
  ADD CONSTRAINT `ospos_sales_ibfk_3` FOREIGN KEY (`dinner_table_id`) REFERENCES `ospos_dinner_tables` (`dinner_table_id`);

--
-- Constraints for table `ospos_sales_items`
--
ALTER TABLE `ospos_sales_items`
  ADD CONSTRAINT `ospos_sales_items_ibfk_1` FOREIGN KEY (`item_id`) REFERENCES `ospos_items` (`item_id`),
  ADD CONSTRAINT `ospos_sales_items_ibfk_2` FOREIGN KEY (`sale_id`) REFERENCES `ospos_sales` (`sale_id`),
  ADD CONSTRAINT `ospos_sales_items_ibfk_3` FOREIGN KEY (`item_location`) REFERENCES `ospos_stock_locations` (`location_id`);

--
-- Constraints for table `ospos_sales_items_taxes`
--
ALTER TABLE `ospos_sales_items_taxes`
  ADD CONSTRAINT `ospos_sales_items_taxes_ibfk_1` FOREIGN KEY (`sale_id`) REFERENCES `ospos_sales_items` (`sale_id`),
  ADD CONSTRAINT `ospos_sales_items_taxes_ibfk_2` FOREIGN KEY (`item_id`) REFERENCES `ospos_items` (`item_id`);

--
-- Constraints for table `ospos_sales_payments`
--
ALTER TABLE `ospos_sales_payments`
  ADD CONSTRAINT `ospos_sales_payments_ibfk_1` FOREIGN KEY (`sale_id`) REFERENCES `ospos_sales` (`sale_id`),
  ADD CONSTRAINT `ospos_sales_payments_ibfk_2` FOREIGN KEY (`employee_id`) REFERENCES `ospos_employees` (`person_id`);

--
-- Constraints for table `ospos_sales_reward_points`
--
ALTER TABLE `ospos_sales_reward_points`
  ADD CONSTRAINT `ospos_sales_reward_points_ibfk_1` FOREIGN KEY (`sale_id`) REFERENCES `ospos_sales` (`sale_id`);

--
-- Constraints for table `ospos_suppliers`
--
ALTER TABLE `ospos_suppliers`
  ADD CONSTRAINT `ospos_suppliers_ibfk_1` FOREIGN KEY (`person_id`) REFERENCES `ospos_people` (`person_id`);

--
-- Constraints for table `ospos_tax_rates`
--
ALTER TABLE `ospos_tax_rates`
  ADD CONSTRAINT `ospos_tax_rates_ibfk_1` FOREIGN KEY (`rate_tax_category_id`) REFERENCES `ospos_tax_categories` (`tax_category_id`),
  ADD CONSTRAINT `ospos_tax_rates_ibfk_2` FOREIGN KEY (`rate_tax_code_id`) REFERENCES `ospos_tax_codes` (`tax_code_id`),
  ADD CONSTRAINT `ospos_tax_rates_ibfk_3` FOREIGN KEY (`rate_jurisdiction_id`) REFERENCES `ospos_tax_jurisdictions` (`jurisdiction_id`);
COMMIT;

